{"id":1101,"date":"2021-01-04T20:48:24","date_gmt":"2021-01-04T20:48:24","guid":{"rendered":"https:\/\/www.kwsantiques.de\/?page_id=1101"},"modified":"2026-04-12T14:23:15","modified_gmt":"2026-04-12T14:23:15","slug":"asiatisch-europaeische-bronze-kanone","status":"publish","type":"page","link":"https:\/\/www.kwsantiques.de\/?page_id=1101&lang=de","title":{"rendered":"Asiatisch-europ\u00e4ische Bronze-Kanone"},"content":{"rendered":"\t\t<div data-elementor-type=\"wp-page\" data-elementor-id=\"1101\" class=\"elementor elementor-1101\">\n\t\t\t\t\t\t<section class=\"elementor-section elementor-top-section elementor-element elementor-element-6a8fa2bf elementor-section-boxed elementor-section-height-default elementor-section-height-default\" data-id=\"6a8fa2bf\" data-element_type=\"section\" data-e-type=\"section\">\n\t\t\t\t\t\t<div class=\"elementor-container elementor-column-gap-default\">\n\t\t\t\t\t<div class=\"elementor-column elementor-col-100 elementor-top-column elementor-element elementor-element-30df9680\" data-id=\"30df9680\" data-element_type=\"column\" data-e-type=\"column\">\n\t\t\t<div class=\"elementor-widget-wrap elementor-element-populated\">\n\t\t\t\t\t\t<div class=\"elementor-element elementor-element-2c39a60e elementor-widget elementor-widget-spacer\" data-id=\"2c39a60e\" data-element_type=\"widget\" data-e-type=\"widget\" data-widget_type=\"spacer.default\">\n\t\t\t\t<div class=\"elementor-widget-container\">\n\t\t\t\t\t\t\t<div class=\"elementor-spacer\">\n\t\t\t<div class=\"elementor-spacer-inner\"><\/div>\n\t\t<\/div>\n\t\t\t\t\t\t<\/div>\n\t\t\t\t<\/div>\n\t\t\t\t\t<\/div>\n\t\t<\/div>\n\t\t\t\t\t<\/div>\n\t\t<\/section>\n\t\t\t\t<section class=\"elementor-section elementor-top-section elementor-element elementor-element-5723c1c3 elementor-section-stretched elementor-section-boxed elementor-section-height-default elementor-section-height-default\" data-id=\"5723c1c3\" data-element_type=\"section\" data-e-type=\"section\" data-settings=\"{&quot;stretch_section&quot;:&quot;section-stretched&quot;,&quot;background_background&quot;:&quot;classic&quot;}\">\n\t\t\t\t\t\t<div class=\"elementor-container elementor-column-gap-default\">\n\t\t\t\t\t<div class=\"elementor-column elementor-col-100 elementor-top-column elementor-element elementor-element-745047b2\" data-id=\"745047b2\" data-element_type=\"column\" data-e-type=\"column\">\n\t\t\t<div class=\"elementor-widget-wrap elementor-element-populated\">\n\t\t\t\t\t\t<div class=\"elementor-element elementor-element-3061f913 elementor-widget elementor-widget-image-gallery\" data-id=\"3061f913\" data-element_type=\"widget\" data-e-type=\"widget\" data-widget_type=\"image-gallery.default\">\n\t\t\t\t<div class=\"elementor-widget-container\">\n\t\t\t\t\t\t\t<div class=\"elementor-image-gallery\">\n\t\t\t<div id='gallery-1' class='gallery galleryid-1101 gallery-columns-2 gallery-size-medium'><figure class='gallery-item'>\n\t\t\t<div class='gallery-icon landscape'>\n\t\t\t\t<a data-elementor-open-lightbox=\"yes\" data-elementor-lightbox-slideshow=\"3061f913\" data-e-action-hash=\"#elementor-action%3Aaction%3Dlightbox%26settings%3DeyJpZCI6NjY3LCJ1cmwiOiJodHRwczpcL1wvd3d3Lmt3c2FudGlxdWVzLmRlXC93cC1jb250ZW50XC91cGxvYWRzXC8yMDIwXC8xMlwvYTM3MC0xLmpwZyIsInNsaWRlc2hvdyI6IjMwNjFmOTEzIn0%3D\" href='https:\/\/www.kwsantiques.de\/wp-content\/uploads\/2020\/12\/a370-1.jpg'><img fetchpriority=\"high\" decoding=\"async\" width=\"300\" height=\"185\" src=\"https:\/\/www.kwsantiques.de\/wp-content\/uploads\/2020\/12\/a370-1-300x185.jpg\" class=\"attachment-medium size-medium\" alt=\"Asian-european bronze cannon on ship&#039;s carriage.\" srcset=\"https:\/\/www.kwsantiques.de\/wp-content\/uploads\/2020\/12\/a370-1-300x185.jpg 300w, https:\/\/www.kwsantiques.de\/wp-content\/uploads\/2020\/12\/a370-1.jpg 640w\" sizes=\"100vw\" \/><\/a>\n\t\t\t<\/div><\/figure><figure class='gallery-item'>\n\t\t\t<div class='gallery-icon portrait'>\n\t\t\t\t<a data-elementor-open-lightbox=\"yes\" data-elementor-lightbox-slideshow=\"3061f913\" data-e-action-hash=\"#elementor-action%3Aaction%3Dlightbox%26settings%3DeyJpZCI6NjU4LCJ1cmwiOiJodHRwczpcL1wvd3d3Lmt3c2FudGlxdWVzLmRlXC93cC1jb250ZW50XC91cGxvYWRzXC8yMDIwXC8xMlwvRENQXzAyOTYuanBnIiwic2xpZGVzaG93IjoiMzA2MWY5MTMifQ%3D%3D\" data-elementor-lightbox-title=\"bronze cannon\" href='https:\/\/www.kwsantiques.de\/wp-content\/uploads\/2020\/12\/DCP_0296.jpg'><img decoding=\"async\" width=\"200\" height=\"300\" src=\"https:\/\/www.kwsantiques.de\/wp-content\/uploads\/2020\/12\/DCP_0296-200x300.jpg\" class=\"attachment-medium size-medium\" alt=\"Lifting rings on bronze cannon barrel.\" srcset=\"https:\/\/www.kwsantiques.de\/wp-content\/uploads\/2020\/12\/DCP_0296-200x300.jpg 200w, https:\/\/www.kwsantiques.de\/wp-content\/uploads\/2020\/12\/DCP_0296.jpg 427w\" sizes=\"100vw\" \/><\/a>\n\t\t\t<\/div><\/figure><figure class='gallery-item'>\n\t\t\t<div class='gallery-icon landscape'>\n\t\t\t\t<a data-elementor-open-lightbox=\"yes\" data-elementor-lightbox-slideshow=\"3061f913\" data-e-action-hash=\"#elementor-action%3Aaction%3Dlightbox%26settings%3DeyJpZCI6NjU3LCJ1cmwiOiJodHRwczpcL1wvd3d3Lmt3c2FudGlxdWVzLmRlXC93cC1jb250ZW50XC91cGxvYWRzXC8yMDIwXC8xMlwvRENQXzAyODkuanBnIiwic2xpZGVzaG93IjoiMzA2MWY5MTMifQ%3D%3D\" data-elementor-lightbox-title=\"bronze cannon\" href='https:\/\/www.kwsantiques.de\/wp-content\/uploads\/2020\/12\/DCP_0289.jpg'><img decoding=\"async\" width=\"300\" height=\"200\" src=\"https:\/\/www.kwsantiques.de\/wp-content\/uploads\/2020\/12\/DCP_0289-300x200.jpg\" class=\"attachment-medium size-medium\" alt=\"Inscription on the barrel.\" srcset=\"https:\/\/www.kwsantiques.de\/wp-content\/uploads\/2020\/12\/DCP_0289-300x200.jpg 300w, https:\/\/www.kwsantiques.de\/wp-content\/uploads\/2020\/12\/DCP_0289.jpg 640w\" sizes=\"100vw\" \/><\/a>\n\t\t\t<\/div><\/figure><figure class='gallery-item'>\n\t\t\t<div class='gallery-icon landscape'>\n\t\t\t\t<a data-elementor-open-lightbox=\"yes\" data-elementor-lightbox-slideshow=\"3061f913\" data-e-action-hash=\"#elementor-action%3Aaction%3Dlightbox%26settings%3DeyJpZCI6NjU5LCJ1cmwiOiJodHRwczpcL1wvd3d3Lmt3c2FudGlxdWVzLmRlXC93cC1jb250ZW50XC91cGxvYWRzXC8yMDIwXC8xMlwvRENQXzAyOTcuanBnIiwic2xpZGVzaG93IjoiMzA2MWY5MTMifQ%3D%3D\" data-elementor-lightbox-title=\"bronze cannon\" href='https:\/\/www.kwsantiques.de\/wp-content\/uploads\/2020\/12\/DCP_0297.jpg'><img loading=\"lazy\" decoding=\"async\" width=\"300\" height=\"200\" src=\"https:\/\/www.kwsantiques.de\/wp-content\/uploads\/2020\/12\/DCP_0297-300x200.jpg\" class=\"attachment-medium size-medium\" alt=\"Decoration on the barrel, in lieu of a coat of arms.\" srcset=\"https:\/\/www.kwsantiques.de\/wp-content\/uploads\/2020\/12\/DCP_0297-300x200.jpg 300w, https:\/\/www.kwsantiques.de\/wp-content\/uploads\/2020\/12\/DCP_0297.jpg 640w\" sizes=\"100vw\" \/><\/a>\n\t\t\t<\/div><\/figure><figure class='gallery-item'>\n\t\t\t<div class='gallery-icon portrait'>\n\t\t\t\t<a data-elementor-open-lightbox=\"yes\" data-elementor-lightbox-slideshow=\"3061f913\" data-e-action-hash=\"#elementor-action%3Aaction%3Dlightbox%26settings%3DeyJpZCI6NjYwLCJ1cmwiOiJodHRwczpcL1wvd3d3Lmt3c2FudGlxdWVzLmRlXC93cC1jb250ZW50XC91cGxvYWRzXC8yMDIwXC8xMlwvRENQXzAzMDMuanBnIiwic2xpZGVzaG93IjoiMzA2MWY5MTMifQ%3D%3D\" data-elementor-lightbox-title=\"bronze cannon\" href='https:\/\/www.kwsantiques.de\/wp-content\/uploads\/2020\/12\/DCP_0303.jpg'><img loading=\"lazy\" decoding=\"async\" width=\"200\" height=\"300\" src=\"https:\/\/www.kwsantiques.de\/wp-content\/uploads\/2020\/12\/DCP_0303-200x300.jpg\" class=\"attachment-medium size-medium\" alt=\"Muzzle with reinforcement ring.\" srcset=\"https:\/\/www.kwsantiques.de\/wp-content\/uploads\/2020\/12\/DCP_0303-200x300.jpg 200w, https:\/\/www.kwsantiques.de\/wp-content\/uploads\/2020\/12\/DCP_0303.jpg 427w\" sizes=\"100vw\" \/><\/a>\n\t\t\t<\/div><\/figure><figure class='gallery-item'>\n\t\t\t<div class='gallery-icon landscape'>\n\t\t\t\t<a data-elementor-open-lightbox=\"yes\" data-elementor-lightbox-slideshow=\"3061f913\" data-e-action-hash=\"#elementor-action%3Aaction%3Dlightbox%26settings%3DeyJpZCI6NjYxLCJ1cmwiOiJodHRwczpcL1wvd3d3Lmt3c2FudGlxdWVzLmRlXC93cC1jb250ZW50XC91cGxvYWRzXC8yMDIwXC8xMlwvRENQXzAzMDYuanBnIiwic2xpZGVzaG93IjoiMzA2MWY5MTMifQ%3D%3D\" data-elementor-lightbox-title=\"bronze cannon\" href='https:\/\/www.kwsantiques.de\/wp-content\/uploads\/2020\/12\/DCP_0306.jpg'><img loading=\"lazy\" decoding=\"async\" width=\"300\" height=\"200\" src=\"https:\/\/www.kwsantiques.de\/wp-content\/uploads\/2020\/12\/DCP_0306-300x200.jpg\" class=\"attachment-medium size-medium\" alt=\"Barrel base with fitting for a extended grip.\" srcset=\"https:\/\/www.kwsantiques.de\/wp-content\/uploads\/2020\/12\/DCP_0306-300x200.jpg 300w, https:\/\/www.kwsantiques.de\/wp-content\/uploads\/2020\/12\/DCP_0306.jpg 640w\" sizes=\"100vw\" \/><\/a>\n\t\t\t<\/div><\/figure>\n\t\t<\/div>\n\t\t<\/div>\n\t\t\t\t\t\t<\/div>\n\t\t\t\t<\/div>\n\t\t\t\t\t<\/div>\n\t\t<\/div>\n\t\t\t\t\t<\/div>\n\t\t<\/section>\n\t\t\t\t<section class=\"elementor-section elementor-top-section elementor-element elementor-element-c8df9b8 elementor-section-stretched elementor-section-boxed elementor-section-height-default elementor-section-height-default\" data-id=\"c8df9b8\" data-element_type=\"section\" data-e-type=\"section\" data-settings=\"{&quot;stretch_section&quot;:&quot;section-stretched&quot;}\">\n\t\t\t\t\t\t<div class=\"elementor-container elementor-column-gap-default\">\n\t\t\t\t\t<div class=\"elementor-column elementor-col-100 elementor-top-column elementor-element elementor-element-6fec7e12\" data-id=\"6fec7e12\" data-element_type=\"column\" data-e-type=\"column\">\n\t\t\t<div class=\"elementor-widget-wrap elementor-element-populated\">\n\t\t\t\t\t\t<div class=\"elementor-element elementor-element-33c536c5 elementor-widget elementor-widget-text-editor\" data-id=\"33c536c5\" data-element_type=\"widget\" data-e-type=\"widget\" data-widget_type=\"text-editor.default\">\n\t\t\t\t<div class=\"elementor-widget-container\">\n\t\t\t\t\t\t\t\t\t<p>Ein Bronze-Rohr aus dem 17. Jahrhundert aus indonesischer Produktion f\u00fcr europ\u00e4ische Ostindien-Fahrer. Sehr interessante Mischung europ\u00e4ischer und asiatischer Elemente. Der Stossboden endet in einer H\u00fclse, in die sich ein Holzgriff stecken l\u00e4sst, wie es f\u00fcr Lantakas \u00fcblich war. Lafette aus Ulmenholz gefertigt von Willy Schr\u00f6ter. L\u00e4nge des Rohres: 115cm. Gesamtgewicht 85kg.<\/p><p>Artikel A370. 10.000EUR.<\/p>\t\t\t\t\t\t\t\t<\/div>\n\t\t\t\t<\/div>\n\t\t\t\t\t<\/div>\n\t\t<\/div>\n\t\t\t\t\t<\/div>\n\t\t<\/section>\n\t\t\t\t<\/div>\n\t\t","protected":false},"excerpt":{"rendered":"<p>Ein Bronze-Rohr aus dem 17. Jahrhundert aus indonesischer Produktion f\u00fcr europ\u00e4ische Ostindien-Fahrer. Sehr interessante Mischung europ\u00e4ischer und asiatischer Elemente. Der Stossboden endet in einer H\u00fclse, in die sich ein Holzgriff stecken l\u00e4sst, wie es f\u00fcr Lantakas \u00fcblich war. Lafette aus Ulmenholz gefertigt von Willy Schr\u00f6ter. L\u00e4nge des Rohres: 115cm. Gesamtgewicht 85kg. Artikel A370. 10.000EUR.<\/p>\n","protected":false},"author":1,"featured_media":0,"parent":117,"menu_order":0,"comment_status":"closed","ping_status":"closed","template":"","meta":{"ngg_post_thumbnail":0,"iawp_total_views":12,"footnotes":""},"class_list":["post-1101","page","type-page","status-publish","hentry"],"_links":{"self":[{"href":"https:\/\/www.kwsantiques.de\/index.php?rest_route=\/wp\/v2\/pages\/1101","targetHints":{"allow":["GET"]}}],"collection":[{"href":"https:\/\/www.kwsantiques.de\/index.php?rest_route=\/wp\/v2\/pages"}],"about":[{"href":"https:\/\/www.kwsantiques.de\/index.php?rest_route=\/wp\/v2\/types\/page"}],"author":[{"embeddable":true,"href":"https:\/\/www.kwsantiques.de\/index.php?rest_route=\/wp\/v2\/users\/1"}],"replies":[{"embeddable":true,"href":"https:\/\/www.kwsantiques.de\/index.php?rest_route=%2Fwp%2Fv2%2Fcomments&post=1101"}],"version-history":[{"count":10,"href":"https:\/\/www.kwsantiques.de\/index.php?rest_route=\/wp\/v2\/pages\/1101\/revisions"}],"predecessor-version":[{"id":2189,"href":"https:\/\/www.kwsantiques.de\/index.php?rest_route=\/wp\/v2\/pages\/1101\/revisions\/2189"}],"up":[{"embeddable":true,"href":"https:\/\/www.kwsantiques.de\/index.php?rest_route=\/wp\/v2\/pages\/117"}],"wp:attachment":[{"href":"https:\/\/www.kwsantiques.de\/index.php?rest_route=%2Fwp%2Fv2%2Fmedia&parent=1101"}],"curies":[{"name":"wp","href":"https:\/\/api.w.org\/{rel}","templated":true}]}}