{"id":113,"date":"2020-12-20T17:17:05","date_gmt":"2020-12-20T17:17:05","guid":{"rendered":"http:\/\/wordpress.kwsantiques.de\/?page_id=113"},"modified":"2021-01-03T21:25:22","modified_gmt":"2021-01-03T21:25:22","slug":"ueber-uns","status":"publish","type":"page","link":"https:\/\/www.kwsantiques.de\/?page_id=113&lang=de","title":{"rendered":"\u00dcber uns"},"content":{"rendered":"\n<p>Auf dieser Site bieten wir Dinge aus der Sammlung unseres Vaters Karl Willy Schr\u00f6ter zum Verkauf an. Der Schwerpunkt dieser Sammlung liegt auf Seekriegswaffen und maritimen Gegenst\u00e4nden des napoleonischen Zeitalters. Der liebste Zeitvertreib unseres Vaters war es, seinen St\u00fccken einen passenden &#8216;Rahmen&#8217; zu geben; Man findet daher auf diesen Seiten zuweilen alte Gegenst\u00e4nde mit neuen Komponenten, beispielsweise Kanonen aus dem 18. Jahrhundert mit neuen Lafetten. Wir m\u00f6chten diese Dinge an Leute weitergeben, die die Leidenschaft unseres Vaters teilen.<\/p>\n\n\n\n<figure class=\"wp-block-image size-full\"><img fetchpriority=\"high\" decoding=\"async\" width=\"499\" height=\"328\" src=\"https:\/\/www.kwsantiques.de\/wp-content\/uploads\/2020\/12\/sofa5.jpg\" alt=\"Frank, Willy und Elmar, 1993\" class=\"wp-image-386\" srcset=\"https:\/\/www.kwsantiques.de\/wp-content\/uploads\/2020\/12\/sofa5.jpg 499w, https:\/\/www.kwsantiques.de\/wp-content\/uploads\/2020\/12\/sofa5-300x197.jpg 300w\" sizes=\"(max-width: 499px) 100vw, 499px\" \/><figcaption>Willy mit seinen S\u00f6hnen Frank (links) und Elmar (rechts), 1993.<\/figcaption><\/figure>\n","protected":false},"excerpt":{"rendered":"<p>Auf dieser Site bieten wir Dinge aus der Sammlung unseres Vaters Karl Willy Schr\u00f6ter zum Verkauf an. Der Schwerpunkt dieser Sammlung liegt auf Seekriegswaffen und maritimen Gegenst\u00e4nden des napoleonischen Zeitalters. Der liebste Zeitvertreib unseres Vaters war es, seinen St\u00fccken einen passenden &#8216;Rahmen&#8217; zu geben; Man findet daher auf diesen Seiten zuweilen alte Gegenst\u00e4nde mit neuen &hellip; <\/p>\n<p class=\"link-more\"><a href=\"https:\/\/www.kwsantiques.de\/?page_id=113&#038;lang=de\" class=\"more-link\">Continue reading<span class=\"screen-reader-text\"> &#8220;\u00dcber uns&#8221;<\/span><\/a><\/p>\n","protected":false},"author":1,"featured_media":0,"parent":0,"menu_order":0,"comment_status":"closed","ping_status":"closed","template":"","meta":{"ngg_post_thumbnail":0,"iawp_total_views":40,"footnotes":""},"class_list":["post-113","page","type-page","status-publish","hentry"],"_links":{"self":[{"href":"https:\/\/www.kwsantiques.de\/index.php?rest_route=\/wp\/v2\/pages\/113","targetHints":{"allow":["GET"]}}],"collection":[{"href":"https:\/\/www.kwsantiques.de\/index.php?rest_route=\/wp\/v2\/pages"}],"about":[{"href":"https:\/\/www.kwsantiques.de\/index.php?rest_route=\/wp\/v2\/types\/page"}],"author":[{"embeddable":true,"href":"https:\/\/www.kwsantiques.de\/index.php?rest_route=\/wp\/v2\/users\/1"}],"replies":[{"embeddable":true,"href":"https:\/\/www.kwsantiques.de\/index.php?rest_route=%2Fwp%2Fv2%2Fcomments&post=113"}],"version-history":[{"count":5,"href":"https:\/\/www.kwsantiques.de\/index.php?rest_route=\/wp\/v2\/pages\/113\/revisions"}],"predecessor-version":[{"id":1006,"href":"https:\/\/www.kwsantiques.de\/index.php?rest_route=\/wp\/v2\/pages\/113\/revisions\/1006"}],"wp:attachment":[{"href":"https:\/\/www.kwsantiques.de\/index.php?rest_route=%2Fwp%2Fv2%2Fmedia&parent=113"}],"curies":[{"name":"wp","href":"https:\/\/api.w.org\/{rel}","templated":true}]}}