{"id":1223,"date":"2021-01-10T20:51:40","date_gmt":"2021-01-10T20:51:40","guid":{"rendered":"https:\/\/www.kwsantiques.de\/?page_id=1223"},"modified":"2021-01-10T20:52:20","modified_gmt":"2021-01-10T20:52:20","slug":"britische-steinschloss-tromblonpistole-von-bass","status":"publish","type":"page","link":"https:\/\/www.kwsantiques.de\/?page_id=1223&lang=de","title":{"rendered":"Britische Steinschloss-Tromblonpistole von Bass"},"content":{"rendered":"\t\t<div data-elementor-type=\"wp-page\" data-elementor-id=\"1223\" class=\"elementor elementor-1223\">\n\t\t\t\t\t\t<section class=\"elementor-section elementor-top-section elementor-element elementor-element-21b0f62d elementor-section-boxed elementor-section-height-default elementor-section-height-default\" data-id=\"21b0f62d\" data-element_type=\"section\" data-e-type=\"section\">\n\t\t\t\t\t\t<div class=\"elementor-container elementor-column-gap-default\">\n\t\t\t\t\t<div class=\"elementor-column elementor-col-100 elementor-top-column elementor-element elementor-element-255aa5b4\" data-id=\"255aa5b4\" data-element_type=\"column\" data-e-type=\"column\">\n\t\t\t<div class=\"elementor-widget-wrap elementor-element-populated\">\n\t\t\t\t\t\t<div class=\"elementor-element elementor-element-3e318984 elementor-widget elementor-widget-spacer\" data-id=\"3e318984\" data-element_type=\"widget\" data-e-type=\"widget\" data-widget_type=\"spacer.default\">\n\t\t\t\t<div class=\"elementor-widget-container\">\n\t\t\t\t\t\t\t<div class=\"elementor-spacer\">\n\t\t\t<div class=\"elementor-spacer-inner\"><\/div>\n\t\t<\/div>\n\t\t\t\t\t\t<\/div>\n\t\t\t\t<\/div>\n\t\t\t\t\t<\/div>\n\t\t<\/div>\n\t\t\t\t\t<\/div>\n\t\t<\/section>\n\t\t\t\t<section class=\"elementor-section elementor-top-section elementor-element elementor-element-65be8d7b elementor-section-stretched elementor-section-boxed elementor-section-height-default elementor-section-height-default\" data-id=\"65be8d7b\" data-element_type=\"section\" data-e-type=\"section\" data-settings=\"{&quot;stretch_section&quot;:&quot;section-stretched&quot;,&quot;background_background&quot;:&quot;classic&quot;}\">\n\t\t\t\t\t\t<div class=\"elementor-container elementor-column-gap-default\">\n\t\t\t\t\t<div class=\"elementor-column elementor-col-100 elementor-top-column elementor-element elementor-element-2fba331b\" data-id=\"2fba331b\" data-element_type=\"column\" data-e-type=\"column\">\n\t\t\t<div class=\"elementor-widget-wrap elementor-element-populated\">\n\t\t\t\t\t\t<div class=\"elementor-element elementor-element-436770b5 elementor-widget elementor-widget-image-gallery\" data-id=\"436770b5\" data-element_type=\"widget\" data-e-type=\"widget\" data-widget_type=\"image-gallery.default\">\n\t\t\t\t<div class=\"elementor-widget-container\">\n\t\t\t\t\t\t\t<div class=\"elementor-image-gallery\">\n\t\t\t<div id='gallery-1' class='gallery galleryid-1223 gallery-columns-3 gallery-size-medium'><figure class='gallery-item'>\n\t\t\t<div class='gallery-icon landscape'>\n\t\t\t\t<a data-elementor-open-lightbox=\"yes\" data-elementor-lightbox-slideshow=\"436770b5\" data-elementor-lightbox-title=\"Blunderbuss Flintlock Pistol\" data-e-action-hash=\"#elementor-action%3Aaction%3Dlightbox%26settings%3DeyJpZCI6NzM2LCJ1cmwiOiJodHRwczpcL1wvd3d3Lmt3c2FudGlxdWVzLmRlXC93cC1jb250ZW50XC91cGxvYWRzXC8yMDIxXC8wMVwvYjA5Ni5qcGciLCJzbGlkZXNob3ciOiI0MzY3NzBiNSJ9\" href='https:\/\/www.kwsantiques.de\/wp-content\/uploads\/2021\/01\/b096.jpg'><img fetchpriority=\"high\" decoding=\"async\" width=\"300\" height=\"179\" src=\"https:\/\/www.kwsantiques.de\/wp-content\/uploads\/2021\/01\/b096-300x179.jpg\" class=\"attachment-medium size-medium\" alt=\"\" srcset=\"https:\/\/www.kwsantiques.de\/wp-content\/uploads\/2021\/01\/b096-300x179.jpg 300w, https:\/\/www.kwsantiques.de\/wp-content\/uploads\/2021\/01\/b096-768x458.jpg 768w, https:\/\/www.kwsantiques.de\/wp-content\/uploads\/2021\/01\/b096.jpg 800w\" sizes=\"100vw\" \/><\/a>\n\t\t\t<\/div><\/figure><figure class='gallery-item'>\n\t\t\t<div class='gallery-icon landscape'>\n\t\t\t\t<a data-elementor-open-lightbox=\"yes\" data-elementor-lightbox-slideshow=\"436770b5\" data-elementor-lightbox-title=\"Blunderbuss Flintlock Pistol\" data-e-action-hash=\"#elementor-action%3Aaction%3Dlightbox%26settings%3DeyJpZCI6NzU2LCJ1cmwiOiJodHRwczpcL1wvd3d3Lmt3c2FudGlxdWVzLmRlXC93cC1jb250ZW50XC91cGxvYWRzXC8yMDIxXC8wMVwvYjA5Ni0yLmpwZyIsInNsaWRlc2hvdyI6IjQzNjc3MGI1In0%3D\" href='https:\/\/www.kwsantiques.de\/wp-content\/uploads\/2021\/01\/b096-2.jpg'><img decoding=\"async\" width=\"300\" height=\"176\" src=\"https:\/\/www.kwsantiques.de\/wp-content\/uploads\/2021\/01\/b096-2-300x176.jpg\" class=\"attachment-medium size-medium\" alt=\"\" srcset=\"https:\/\/www.kwsantiques.de\/wp-content\/uploads\/2021\/01\/b096-2-300x176.jpg 300w, https:\/\/www.kwsantiques.de\/wp-content\/uploads\/2021\/01\/b096-2-768x449.jpg 768w, https:\/\/www.kwsantiques.de\/wp-content\/uploads\/2021\/01\/b096-2.jpg 800w\" sizes=\"100vw\" \/><\/a>\n\t\t\t<\/div><\/figure><figure class='gallery-item'>\n\t\t\t<div class='gallery-icon landscape'>\n\t\t\t\t<a data-elementor-open-lightbox=\"yes\" data-elementor-lightbox-slideshow=\"436770b5\" data-elementor-lightbox-title=\"Blunderbuss Flintlock Pistol\" data-e-action-hash=\"#elementor-action%3Aaction%3Dlightbox%26settings%3DeyJpZCI6NzU3LCJ1cmwiOiJodHRwczpcL1wvd3d3Lmt3c2FudGlxdWVzLmRlXC93cC1jb250ZW50XC91cGxvYWRzXC8yMDIxXC8wMVwvYjA5Ni0zLmpwZyIsInNsaWRlc2hvdyI6IjQzNjc3MGI1In0%3D\" href='https:\/\/www.kwsantiques.de\/wp-content\/uploads\/2021\/01\/b096-3.jpg'><img decoding=\"async\" width=\"300\" height=\"113\" src=\"https:\/\/www.kwsantiques.de\/wp-content\/uploads\/2021\/01\/b096-3-300x113.jpg\" class=\"attachment-medium size-medium\" alt=\"\" srcset=\"https:\/\/www.kwsantiques.de\/wp-content\/uploads\/2021\/01\/b096-3-300x113.jpg 300w, https:\/\/www.kwsantiques.de\/wp-content\/uploads\/2021\/01\/b096-3-768x289.jpg 768w, https:\/\/www.kwsantiques.de\/wp-content\/uploads\/2021\/01\/b096-3.jpg 800w\" sizes=\"100vw\" \/><\/a>\n\t\t\t<\/div><\/figure>\n\t\t<\/div>\n\t\t<\/div>\n\t\t\t\t\t\t<\/div>\n\t\t\t\t<\/div>\n\t\t\t\t\t<\/div>\n\t\t<\/div>\n\t\t\t\t\t<\/div>\n\t\t<\/section>\n\t\t\t\t<section class=\"elementor-section elementor-top-section elementor-element elementor-element-7c6d82a5 elementor-section-stretched elementor-section-boxed elementor-section-height-default elementor-section-height-default\" data-id=\"7c6d82a5\" data-element_type=\"section\" data-e-type=\"section\" data-settings=\"{&quot;stretch_section&quot;:&quot;section-stretched&quot;}\">\n\t\t\t\t\t\t<div class=\"elementor-container elementor-column-gap-default\">\n\t\t\t\t\t<div class=\"elementor-column elementor-col-100 elementor-top-column elementor-element elementor-element-79c1300\" data-id=\"79c1300\" data-element_type=\"column\" data-e-type=\"column\">\n\t\t\t<div class=\"elementor-widget-wrap elementor-element-populated\">\n\t\t\t\t\t\t<div class=\"elementor-element elementor-element-5df8c1d1 elementor-widget elementor-widget-text-editor\" data-id=\"5df8c1d1\" data-element_type=\"widget\" data-e-type=\"widget\" data-widget_type=\"text-editor.default\">\n\t\t\t\t<div class=\"elementor-widget-container\">\n\t\t\t\t\t\t\t\t\t<p>Sehr sch\u00f6ne Tromblon-Pistole mit &#8220;Box-Lock&#8221;-Steinschloss. Von achteckig in rund \u00fcbergehendes Messingrohr mit seitlich angebrachtem Ladestock und Sprungfeder-Bajonett an der Unterseite. Zwei Pr\u00fcfstempel auf dem Rohr unten am Sto\u00dfboden. Steinschloss mit Schiebe-Sicherung. Schloss graviert mit Troph\u00e4en und signiert &#8220;BASS&#8221; links und &#8221; LONDON&#8221; rechts. Gesamtl\u00e4nge ca. 23cm.<\/p><p>Artikel B096. 4.000EUR .<\/p>\t\t\t\t\t\t\t\t<\/div>\n\t\t\t\t<\/div>\n\t\t\t\t\t<\/div>\n\t\t<\/div>\n\t\t\t\t\t<\/div>\n\t\t<\/section>\n\t\t\t\t<\/div>\n\t\t","protected":false},"excerpt":{"rendered":"<p>Sehr sch\u00f6ne Tromblon-Pistole mit &#8220;Box-Lock&#8221;-Steinschloss. Von achteckig in rund \u00fcbergehendes Messingrohr mit seitlich angebrachtem Ladestock und Sprungfeder-Bajonett an der Unterseite. Zwei Pr\u00fcfstempel auf dem Rohr unten am Sto\u00dfboden. Steinschloss mit Schiebe-Sicherung. Schloss graviert mit Troph\u00e4en und signiert &#8220;BASS&#8221; links und &#8221; LONDON&#8221; rechts. Gesamtl\u00e4nge ca. 23cm. Artikel B096. 4.000EUR .<\/p>\n","protected":false},"author":1,"featured_media":0,"parent":119,"menu_order":0,"comment_status":"closed","ping_status":"closed","template":"","meta":{"ngg_post_thumbnail":0,"iawp_total_views":2,"footnotes":""},"class_list":["post-1223","page","type-page","status-publish","hentry"],"_links":{"self":[{"href":"https:\/\/www.kwsantiques.de\/index.php?rest_route=\/wp\/v2\/pages\/1223","targetHints":{"allow":["GET"]}}],"collection":[{"href":"https:\/\/www.kwsantiques.de\/index.php?rest_route=\/wp\/v2\/pages"}],"about":[{"href":"https:\/\/www.kwsantiques.de\/index.php?rest_route=\/wp\/v2\/types\/page"}],"author":[{"embeddable":true,"href":"https:\/\/www.kwsantiques.de\/index.php?rest_route=\/wp\/v2\/users\/1"}],"replies":[{"embeddable":true,"href":"https:\/\/www.kwsantiques.de\/index.php?rest_route=%2Fwp%2Fv2%2Fcomments&post=1223"}],"version-history":[{"count":4,"href":"https:\/\/www.kwsantiques.de\/index.php?rest_route=\/wp\/v2\/pages\/1223\/revisions"}],"predecessor-version":[{"id":1227,"href":"https:\/\/www.kwsantiques.de\/index.php?rest_route=\/wp\/v2\/pages\/1223\/revisions\/1227"}],"up":[{"embeddable":true,"href":"https:\/\/www.kwsantiques.de\/index.php?rest_route=\/wp\/v2\/pages\/119"}],"wp:attachment":[{"href":"https:\/\/www.kwsantiques.de\/index.php?rest_route=%2Fwp%2Fv2%2Fmedia&parent=1223"}],"curies":[{"name":"wp","href":"https:\/\/api.w.org\/{rel}","templated":true}]}}